6 + -24 + 6)) - -8
10
What is the value of 76 + (-30 - 0) + (-3 - -1)?
44
-4 - ((1 - 21) + (-133 - -28) - (0 - 1))
120
Evaluate 2 + -16 + 18 + (20 - 19) + -28 + 20.
-3
Calculate (-3 - (13 - 60)) + 24 - (0 - -1).
67
Evaluate (-38 - (3 + -7 + 1)) + (-4 - 3) + -1.
-43
Evaluate -93 + 22 + -80 + 17 + 12.
-122
What is the value of 13 + (-26 - -18) + -17 + 5 - 5 - 34?
-46
What is (-9 - 0) + (18 - (11 + 30)) + 28?
-4
Calculate -7 + (-10 + 16 - -19) - 17.
1
What is the value of (-10 - (-3 + 2)) + (-35 - -45) + -3?
-2
Evaluate 0 + 43 - (81 - (-41 + 123)).
44
Evaluate 24 + (177 - 120) - (-25 - -1).
105
What is 14 + (8 + -19 - 24)?
-21
(2 - 10) + (0 - 24 - -3) + -5
-34
What is 985 - 927 - (25 + -7 + 3)?
37
Calculate (39 - (-75 - -96)) + 12.
30
What is 29 - 12 - 35 - -1?
-17
Evaluate (11 - 0) + (-1402 - -1401).
10
-12 - (-34 + 28) - (2 - 27) - -11
30
What is the value of -7 + (-115 - -58) + 49?
-15
What is 1078 - 1002 - (43 + -12)?
45
What is -16 + (-3 - -1) + (-31 - -36) + -10?
-23
(137 - 139) + 3 + -2 + 0 - 89
-90
What is 0 + (-11 - 10) + -24 + 60 + 57?
72
Evaluate (-2 - -6) + (-23 - -16) - (-2 + 3 - -6).
-10
Evaluate 65 + (12 - 65) - (-6 - 53).
71
Evaluate 17 + -2 + -1 - (1414 + -1348).
-52
What is the value of (9 - 4 - 99) + -3 + (-11 - (-6 + -15))?
-87
Evaluate (5 + 17 - 8) + -5 + -14 - (-10 + 1).
4
Evaluate -128 + 96 + 12 + -60 + 0.
-80
What is the value of -16 + -16 + (-8 + -18 - (-15 + -3))?
-40
Calculate -13 + 15 - (-30 + 21).
11
Calculate (95 - 68) + (-32 - -1) - (17 - 4).
-17
Evaluate -61 + 5 + -4 + 43 + -23.
-40
What is -43 - (18 - -1 - 64)?
2
What is the value of (-1 + -33 - -3) + (-22 - ((-19 - -26) + -27))?
-33
What is the value of -9 + 44 - 41 - (2 + 12 - 1)?
-19
1 + -3 - 20 - -42 - 15
5
Calculate -2 + -15 + (-69 - (-9 + -70)).
-7
Evaluate (853 - 846) + (-1 - -34).
40
Calculate -34 + -8 + 5 + 0 + -4 - (-51 + 59).
-49
What is the value of 309 - 306 - ((-1 - -23) + (-8 - -7))?
-18
What is the value of (-2 + 2 - 1) + -2 - (44247 + -44119)?
-131
Evaluate (-99 - -84) + 134 + -217.
-98
Evaluate 21 + 3 - (136 + -116).
4
-47 + 63 + (-1 + -1 - (-211 + 208) - -103)
120
What is the value of -32 + (-1 + -4 - (-1559 - -1554))?
-32
(656 - 677) + 3 + 28
10
What is the value of 2 + -13 + (-153 + 75 - -73)?
-16
What is the value of -38 - (1 + -22 + (-26 - -65) + -31)?
-25
Evaluate 2383 + -2397 - (2 + 1 + 0 + 22).
-39
Calculate (-6 - 2) + 0 - 0 - (35 + 21 + -13).
-51
-8 - -53 - (-3 - (-9 - 7) - 16)
48
What is (32 - 46 - ((-2 - 5) + -15)) + 0 + 57?
65
721 - 424 - 298 - (1 + -1 - 73 - 1)
73
-9 + (4 - -8) - (-52 + -5 - -5)
55
What is the value of -16 - (-1 + 11 + (35 - 46 - -21))?
-36
What is the value of -56 - (-173 + 10 + 134)?
-27
What is 45 + -67 - 9 - (1 + -10)?
-22
What is -84 + 64 + 20 - (1 - -50)?
-51
What is the value of 1 + ((6 - -35) + -4 - -8) + -13?
33
Evaluate -18 + -4 + (-4 - -8) + 11 + -34.
-41
Calculate 19 + (88 + 60 - 91).
76
What is 50 - 1 - (-6 + (13 - 32) - -10)?
64
Evaluate (4 - (-2 + 2) - 7) + (508 - 499).
6
Calculate (-23 - -49) + -14 + -26 - (50 - 2).
-62
Evaluate 12 + (53 + 26 - 113).
-22
What is 3 + (1 - (14 + -2)) - 41?
-49
Calculate 18992 + -18980 - ((-1 - (2 + -34)) + -1).
-18
Evaluate (18 - -2) + (384 + -348 - (3 - -33)).
20
Evaluate -10 + 7 + 13 - -46 - 11 - -9.
54
What is the value of (32 - (25 - 24 - -13)) + 113?
131
Calculate -2 - (31 + -53) - (-17 - -3).
34
Calculate 23 + 0 - (51 + -20 + -20) - -31.
43
What is -1 + (-8 - (-36 - -6)) + 39?
60
Calculate (-9 - 76) + 9 + 0 + (3 - -9 - 5).
-69
What is the value of (84 + 0 - (-24 - -24)) + (8 + -13 - -10)?
89
Calculate (-8 - -13 - -5) + (-8 - -4 - 56).
-50
What is 114 - (130 - 72 - 10)?
66
What is the value of 47 + -57 + (26 + -4 - -11)?
23
(-49 - (-84 - -34)) + (0 - 2) + 3 + 1
3
Calculate 53 - (-7 + 1 + -8 + 7 - -14).
46
What is the value of -36 + (-15 - (7 - 7) - -15) + -14?
-50
What is 438 - 441 - (2 + 70 + -19 + 21)?
-77
Calculate (-11 - 2 - (-135 + 101)) + 32.
53
Calculate (104 + 0 + 1 - 11) + -7.
87
Calculate 33 + (-135 - 33) + (-5 - -15).
-125
Evaluate (-3 + -40 - -39) + (4 - -16 - (2 - 2)).
16
What is the value of -52 - (-2944 - -2931 - (-11 - (-2 + 1)))?
-49
What is the value of 19 + 0 + 48 - (-7 - (-9 + 1))?
66
What is 4 - ((-2 + -4 - (-70 - -54)) + 130 + -10)?
-126
What is (2 - 45) + -60 + (-36 - -121)?
-18
(11 - 5) + (26 - (3 + -5)) + 3
37
Calculate 2 - -29 - (-15 + (77 - 49)).
18
-12 - (0 - (-6 - 9) - 35)
8
Calculate 18 + -19 + -85 + -20 - (-18 - 2).
-86
Evaluate (11 - 9) + (22 - 55) - -12.
-19
What is -11 - (1 + (-5 - (-17 + 25)) - 5)?
6
Evaluate 40 + (1 - 3) + (265 - 284).
19
Evaluate -9 - (-12 + 22 - 61).
42
What is the value of 51 + 1 - (-10 - (31 - (57 - 0)))?
36
Calculate -90 - (14 - 80) - (-2 + -109).
87
What is -25 + 1 + (255 - 241)?
-10
Evaluate -49 + -74 + 84 + 129.
90
Calculate 0 + -35 + -11 + 10.
-36
Evaluate 8 + (-6 + -3 - (-6 - (-9 - (-2 + 56)))).
-58
Calculate (-224 - -123) + -12 - -36.
-77
Evaluate -47 - (39 + 22 + -15 + -28).
-65
What is -1 - -32 - (-4161 + 4148)?
44
What is (-36 - -66) + -72 + (-2 - 18)?
-62
-27 - (-325 + 320 - (79 - -2))
59
Calculate -6 + 22 - (3 + -16).
29
-82 - (-112 - (-5 - 0))
25
Evaluate 3 - 33 - ((19 - 4 - 33) + 36).
-48
-17 - -3 - (20 + (35 - (10 + 32)))
-27
What is the value of -5 + 10 - (58 + -32 - 27)?
6
What is -1 + -17 + 90 + -186 + 79?
-35
19 + (-61 - -24) + 31
13
Evaluate -11 - (10 + -11 - (51 + 5)).
46
Evaluate (9 - 56 - -59) + 44.
56
Evaluate 16 - ((29 + -5 - 2) + -27).
21
Calculate -2 - -1 - -56 - (47 - 21 - 27).
56
What is -169 + 70 - (112 + -102 - (0 + 2 + -4))?
-111
-28 - (-7 - (-3 + 2 + -12 + 0 - -3))
-31
Evaluate (13 - (-17 + -1 - -13)) + -38.
-20
Calculate -8 + -17 + -42 + 11 + 25.
-31
(5 + -47 - -8 - 51) + (-3 - -10)
-78
Calculate (51 + 14 + -1 - (8 + 1 - 7)) + -8.
54
What is the value of -4 - (-67 - -46) - -39?
56
Calculate (2 + -4 + -1 - 3) + 96 + -372 + 383.
101
Evaluate -103 + 2 - (10 + -50 + 21).
-82
-3 - (-3 - -25) - (-660 + 664)
-29
What is -2 + -7 - ((-30 - -10) + 9 + -31)?
33
Calculate (1 - -4) + (2 - -50) + 1 + -5.
53
Calculate (-195 - (-524 + 149)) + (-1 - 1 - 22).
156
What is the value of 153 + (-121 - (-60 + 23))?
69
13 + 1 + -1 + 2546 + -2516 + (1 - 9)
35
Calculate (-42 - (-5 - -7)) + (17 - 26 - -15).
-38
Calculate 72 + (-62 - -15) - 18.
7
Evaluate 2 + -43 + -1 + (1 - -5) + (7 - 10).
-39
What is (628 - 642 - (0 - 8)) + -17?
-23
Evaluate 9 + (155 - 122) + 0 + 2 - 7 - -2.
39
(-8 - 3 - -14) + (-5 - 4 - (-18 + 14))
-2
What is (-9 - -33) + 9 + -21 - 53?
-41
Calculate -91 - (-61 + 30 + -39).
-21
What is 93 + -10 - (-57 - (-143 + 76))?
73
Calculate 55 - (38 + -27 - -31).
13
What is the value of 76 - (-2 + 6 + -2) - (-1897 - -1886)?
85
13 + (31 - ((30 - 6) + 30)) + -7 + 1
-16
What is the value of 4 - (-4117 - -4119 - (0 + 71 + (0 - -2)))?
75
What is 55 + (-57 - (-80 + 60))?
18
What is the value of 20 + -43 + (-63 - -34)?
-52
Calculate 48 - (-2 - -1) - ((-7 - (23 - 4)) + 16).
59
What is (20 - (14 - 5)) + (11 - (25 + -13 + -81))?
91
Calculate 106 - -1 - -1 - (-3493 - -3499) - 20.
82
What is the value of ((-11 - -2 - -3) + 0 - -2) + 20?
16
Evaluate 81 + 0 - (28 + (-57 - -39)).
71
What is (-17 - (25 - (83 - 13))) + -101?
-73
What is the value of 7 - -2 - (-27 + -1 - (-385 + 257))?
-91
Calculate -12 - 74 - (-154 - -107).
-39
(-3 - 2) + 56 + (30 - 52)
29
(1 - 65) + (-27 - 132) + 166
-57
What is the value of (-15 + -2 - (-74 + 54)) + (-37 - 17)?
-51
(-217 - -234) + (-1 - -29) + (0 - 11)
34
Calculate 31 - (-3 + 3) - (-187 - (94 - 263)).
49
What is 21 + (32 - 41) + 34?
46
(-67 - -55) + 8 + -3 + 26 + 6
25
What is the value of -2 - (44 + -4) - (2 + (1 + 6 - 12))?
-39
-646 + 658 + (-2 - 4) + -56
-50
What is the value of -1 + 1 + 10 - (913 + -890)?
-13
Evaluate 52 - 47 - (2 - (-1 + -2 + 0 - 11)).
-11
What is the value of (-113 - (21 + -55 + 25)) + -10?
-114
Calculate 20 + 60 + -124 + (1 - 34).
-77
Calculate 212 + -217 - ((3 - 5) + 1 + 32).
-36
Calculate (203 - (157 - 5)) + (1 - 24).
28
What is the value of -20 + (30 + -72 - -12)?
-50
Calculate (-7446 - -7432) + (26 - 1) + -1 - -8.
18
(-4 - 11) + -4 + 1 + (-11 - (-8 + -16))
-5
Evaluate 2 + 59 + (2405 - 2401).
65
Calculate (-17 - -2) + (0 + -19 - (-34 - -23)).
-23
-58 + -24 + 33 - -53
4
Calculate 16 + (-18 - 4) + (-10 - -1) - 5.
-20
2 - (29 - -2) - ((364 - 362) + 